{"id":275,"date":"2026-03-30T16:23:00","date_gmt":"2026-03-30T14:23:00","guid":{"rendered":"https:\/\/tumedved.sk\/?page_id=275"},"modified":"2026-03-30T16:23:02","modified_gmt":"2026-03-30T14:23:02","slug":"kontakt","status":"publish","type":"page","link":"https:\/\/tumedved.sk\/index.php\/kontakt\/","title":{"rendered":"Kontakt"},"content":{"rendered":"\n<p>Ak m\u00e1\u0161 ot\u00e1zku, n\u00e1vrh alebo potrebuje\u0161 pom\u00f4c\u0165 s nie\u010dim, pokojne ma kontaktuj.<br>R\u00e1d ti pom\u00f4\u017eem.\u00a0<\/p>\n\n\n\n<p><strong>E-mail:<\/strong>\u00a0<a>info@tumedved.sk<\/a><\/p>\n\n\n\n<p><\/p>\n","protected":false},"excerpt":{"rendered":"<p>Ak m\u00e1\u0161 ot\u00e1zku, n\u00e1vrh alebo potrebuje\u0161 pom\u00f4c\u0165 s nie\u010dim, pokojne ma kontaktuj.R\u00e1d ti pom\u00f4\u017eem.\u00a0 E-mail:\u00a0info@tumedved.sk<\/p>\n","protected":false},"author":1,"featured_media":0,"parent":0,"menu_order":0,"comment_status":"closed","ping_status":"closed","template":"","meta":{"_acf_changed":false,"site-sidebar-layout":"default","site-content-layout":"","ast-site-content-layout":"default","site-content-style":"default","site-sidebar-style":"default","ast-global-header-display":"","ast-banner-title-visibility":"","ast-main-header-display":"","ast-hfb-above-header-display":"","ast-hfb-below-header-display":"","ast-hfb-mobile-header-display":"","site-post-title":"","ast-breadcrumbs-content":"","ast-featured-img":"","footer-sml-layout":"","ast-disable-related-posts":"","theme-transparent-header-meta":"","adv-header-id-meta":"","stick-header-meta":"","header-above-stick-meta":"","header-main-stick-meta":"","header-below-stick-meta":"","astra-migrate-meta-layouts":"default","ast-page-background-enabled":"default","ast-page-background-meta":{"desktop":{"background-color":"var(--ast-global-color-5)","background-image":"","background-repeat":"repeat","background-position":"center center","background-size":"auto","background-attachment":"scroll","background-type":"","background-media":"","overlay-type":"","overlay-color":"","overlay-opacity":"","overlay-gradient":""},"tablet":{"background-color":"","background-image":"","background-repeat":"repeat","background-position":"center center","background-size":"auto","background-attachment":"scroll","background-type":"","background-media":"","overlay-type":"","overlay-color":"","overlay-opacity":"","overlay-gradient":""},"mobile":{"background-color":"","background-image":"","background-repeat":"repeat","background-position":"center center","background-size":"auto","background-attachment":"scroll","background-type":"","background-media":"","overlay-type":"","overlay-color":"","overlay-opacity":"","overlay-gradient":""}},"ast-content-background-meta":{"desktop":{"background-color":"var(--ast-global-color-4)","background-image":"","background-repeat":"repeat","background-position":"center center","background-size":"auto","background-attachment":"scroll","background-type":"","background-media":"","overlay-type":"","overlay-color":"","overlay-opacity":"","overlay-gradient":""},"tablet":{"background-color":"var(--ast-global-color-4)","background-image":"","background-repeat":"repeat","background-position":"center center","background-size":"auto","background-attachment":"scroll","background-type":"","background-media":"","overlay-type":"","overlay-color":"","overlay-opacity":"","overlay-gradient":""},"mobile":{"background-color":"var(--ast-global-color-4)","background-image":"","background-repeat":"repeat","background-position":"center center","background-size":"auto","background-attachment":"scroll","background-type":"","background-media":"","overlay-type":"","overlay-color":"","overlay-opacity":"","overlay-gradient":""}},"footnotes":""},"class_list":["post-275","page","type-page","status-publish","hentry"],"acf":[],"yoast_head":"<!-- This site is optimized with the Yoast SEO plugin v27.3 - https:\/\/yoast.com\/product\/yoast-seo-wordpress\/ -->\n<title>Kontakt -<\/title>\n<meta name=\"robots\" content=\"index, follow, max-snippet:-1, max-image-preview:large, max-video-preview:-1\" \/>\n<link rel=\"canonical\" href=\"https:\/\/tumedved.sk\/index.php\/kontakt\/\" \/>\n<meta property=\"og:locale\" content=\"sk_SK\" \/>\n<meta property=\"og:type\" content=\"article\" \/>\n<meta property=\"og:title\" content=\"Kontakt -\" \/>\n<meta property=\"og:description\" content=\"Ak m\u00e1\u0161 ot\u00e1zku, n\u00e1vrh alebo potrebuje\u0161 pom\u00f4c\u0165 s nie\u010dim, pokojne ma kontaktuj.R\u00e1d ti pom\u00f4\u017eem.\u00a0 E-mail:\u00a0info@tumedved.sk\" \/>\n<meta property=\"og:url\" content=\"https:\/\/tumedved.sk\/index.php\/kontakt\/\" \/>\n<meta property=\"article:modified_time\" content=\"2026-03-30T14:23:02+00:00\" \/>\n<meta name=\"twitter:card\" content=\"summary_large_image\" \/>\n<script type=\"application\/ld+json\" class=\"yoast-schema-graph\">{\"@context\":\"https:\\\/\\\/schema.org\",\"@graph\":[{\"@type\":\"WebPage\",\"@id\":\"https:\\\/\\\/tumedved.sk\\\/index.php\\\/kontakt\\\/\",\"url\":\"https:\\\/\\\/tumedved.sk\\\/index.php\\\/kontakt\\\/\",\"name\":\"Kontakt -\",\"isPartOf\":{\"@id\":\"http:\\\/\\\/tumedved.sk\\\/#website\"},\"datePublished\":\"2026-03-30T14:23:00+00:00\",\"dateModified\":\"2026-03-30T14:23:02+00:00\",\"breadcrumb\":{\"@id\":\"https:\\\/\\\/tumedved.sk\\\/index.php\\\/kontakt\\\/#breadcrumb\"},\"inLanguage\":\"sk-SK\",\"potentialAction\":[{\"@type\":\"ReadAction\",\"target\":[\"https:\\\/\\\/tumedved.sk\\\/index.php\\\/kontakt\\\/\"]}]},{\"@type\":\"BreadcrumbList\",\"@id\":\"https:\\\/\\\/tumedved.sk\\\/index.php\\\/kontakt\\\/#breadcrumb\",\"itemListElement\":[{\"@type\":\"ListItem\",\"position\":1,\"name\":\"Domovsk\u00e1 str\u00e1nka\",\"item\":\"https:\\\/\\\/tumedved.sk\\\/\"},{\"@type\":\"ListItem\",\"position\":2,\"name\":\"Kontakt\"}]},{\"@type\":\"WebSite\",\"@id\":\"http:\\\/\\\/tumedved.sk\\\/#website\",\"url\":\"http:\\\/\\\/tumedved.sk\\\/\",\"name\":\"TuMedved.sk\",\"description\":\"TuMedve\u010f.sk -zisti kde s\u00fa medvede na Slovesnku\",\"publisher\":{\"@id\":\"http:\\\/\\\/tumedved.sk\\\/#\\\/schema\\\/person\\\/64a581dbeff210b9729648484bce6c57\"},\"potentialAction\":[{\"@type\":\"SearchAction\",\"target\":{\"@type\":\"EntryPoint\",\"urlTemplate\":\"http:\\\/\\\/tumedved.sk\\\/?s={search_term_string}\"},\"query-input\":{\"@type\":\"PropertyValueSpecification\",\"valueRequired\":true,\"valueName\":\"search_term_string\"}}],\"inLanguage\":\"sk-SK\"},{\"@type\":[\"Person\",\"Organization\"],\"@id\":\"http:\\\/\\\/tumedved.sk\\\/#\\\/schema\\\/person\\\/64a581dbeff210b9729648484bce6c57\",\"name\":\"Marek\",\"image\":{\"@type\":\"ImageObject\",\"inLanguage\":\"sk-SK\",\"@id\":\"https:\\\/\\\/tumedved.sk\\\/wp-content\\\/uploads\\\/2026\\\/03\\\/cropped-cropped-cropped-TuMedved.sk_-1.webp\",\"url\":\"https:\\\/\\\/tumedved.sk\\\/wp-content\\\/uploads\\\/2026\\\/03\\\/cropped-cropped-cropped-TuMedved.sk_-1.webp\",\"contentUrl\":\"https:\\\/\\\/tumedved.sk\\\/wp-content\\\/uploads\\\/2026\\\/03\\\/cropped-cropped-cropped-TuMedved.sk_-1.webp\",\"width\":429,\"height\":120,\"caption\":\"Marek\"},\"logo\":{\"@id\":\"https:\\\/\\\/tumedved.sk\\\/wp-content\\\/uploads\\\/2026\\\/03\\\/cropped-cropped-cropped-TuMedved.sk_-1.webp\"},\"sameAs\":[\"http:\\\/\\\/tumedved.sk\"]}]}<\/script>\n<!-- \/ Yoast SEO plugin. -->","yoast_head_json":{"title":"Kontakt -","robots":{"index":"index","follow":"follow","max-snippet":"max-snippet:-1","max-image-preview":"max-image-preview:large","max-video-preview":"max-video-preview:-1"},"canonical":"https:\/\/tumedved.sk\/index.php\/kontakt\/","og_locale":"sk_SK","og_type":"article","og_title":"Kontakt -","og_description":"Ak m\u00e1\u0161 ot\u00e1zku, n\u00e1vrh alebo potrebuje\u0161 pom\u00f4c\u0165 s nie\u010dim, pokojne ma kontaktuj.R\u00e1d ti pom\u00f4\u017eem.\u00a0 E-mail:\u00a0info@tumedved.sk","og_url":"https:\/\/tumedved.sk\/index.php\/kontakt\/","article_modified_time":"2026-03-30T14:23:02+00:00","twitter_card":"summary_large_image","schema":{"@context":"https:\/\/schema.org","@graph":[{"@type":"WebPage","@id":"https:\/\/tumedved.sk\/index.php\/kontakt\/","url":"https:\/\/tumedved.sk\/index.php\/kontakt\/","name":"Kontakt -","isPartOf":{"@id":"http:\/\/tumedved.sk\/#website"},"datePublished":"2026-03-30T14:23:00+00:00","dateModified":"2026-03-30T14:23:02+00:00","breadcrumb":{"@id":"https:\/\/tumedved.sk\/index.php\/kontakt\/#breadcrumb"},"inLanguage":"sk-SK","potentialAction":[{"@type":"ReadAction","target":["https:\/\/tumedved.sk\/index.php\/kontakt\/"]}]},{"@type":"BreadcrumbList","@id":"https:\/\/tumedved.sk\/index.php\/kontakt\/#breadcrumb","itemListElement":[{"@type":"ListItem","position":1,"name":"Domovsk\u00e1 str\u00e1nka","item":"https:\/\/tumedved.sk\/"},{"@type":"ListItem","position":2,"name":"Kontakt"}]},{"@type":"WebSite","@id":"http:\/\/tumedved.sk\/#website","url":"http:\/\/tumedved.sk\/","name":"TuMedved.sk","description":"TuMedve\u010f.sk -zisti kde s\u00fa medvede na Slovesnku","publisher":{"@id":"http:\/\/tumedved.sk\/#\/schema\/person\/64a581dbeff210b9729648484bce6c57"},"potentialAction":[{"@type":"SearchAction","target":{"@type":"EntryPoint","urlTemplate":"http:\/\/tumedved.sk\/?s={search_term_string}"},"query-input":{"@type":"PropertyValueSpecification","valueRequired":true,"valueName":"search_term_string"}}],"inLanguage":"sk-SK"},{"@type":["Person","Organization"],"@id":"http:\/\/tumedved.sk\/#\/schema\/person\/64a581dbeff210b9729648484bce6c57","name":"Marek","image":{"@type":"ImageObject","inLanguage":"sk-SK","@id":"https:\/\/tumedved.sk\/wp-content\/uploads\/2026\/03\/cropped-cropped-cropped-TuMedved.sk_-1.webp","url":"https:\/\/tumedved.sk\/wp-content\/uploads\/2026\/03\/cropped-cropped-cropped-TuMedved.sk_-1.webp","contentUrl":"https:\/\/tumedved.sk\/wp-content\/uploads\/2026\/03\/cropped-cropped-cropped-TuMedved.sk_-1.webp","width":429,"height":120,"caption":"Marek"},"logo":{"@id":"https:\/\/tumedved.sk\/wp-content\/uploads\/2026\/03\/cropped-cropped-cropped-TuMedved.sk_-1.webp"},"sameAs":["http:\/\/tumedved.sk"]}]}},"_links":{"self":[{"href":"https:\/\/tumedved.sk\/index.php\/wp-json\/wp\/v2\/pages\/275","targetHints":{"allow":["GET"]}}],"collection":[{"href":"https:\/\/tumedved.sk\/index.php\/wp-json\/wp\/v2\/pages"}],"about":[{"href":"https:\/\/tumedved.sk\/index.php\/wp-json\/wp\/v2\/types\/page"}],"author":[{"embeddable":true,"href":"https:\/\/tumedved.sk\/index.php\/wp-json\/wp\/v2\/users\/1"}],"replies":[{"embeddable":true,"href":"https:\/\/tumedved.sk\/index.php\/wp-json\/wp\/v2\/comments?post=275"}],"version-history":[{"count":0,"href":"https:\/\/tumedved.sk\/index.php\/wp-json\/wp\/v2\/pages\/275\/revisions"}],"wp:attachment":[{"href":"https:\/\/tumedved.sk\/index.php\/wp-json\/wp\/v2\/media?parent=275"}],"curies":[{"name":"wp","href":"https:\/\/api.w.org\/{rel}","templated":true}]}}